)/4 - (-3)/(-12). Let x = -24 - n. Calculate the highest common factor of 14 and x.
7
Let p be (-18)/(-10) - (-3)/15. Suppose 0 = 4*b + 5*s - 412, b + 2*s = -p*s + 92. Calculate the highest common divisor of 72 and b.
36
Let w be ((-40)/6)/((-3)/9). Let d = -79 - -58. Let r be ((-15)/(-21))/((-3)/d). What is the greatest common factor of r and w?
5
Suppose 11 + 1 = -4*q. Let p be (-2)/6 + (-7)/q. What is the highest common divisor of 2 and p?
2
Suppose 100 = z + 2*m, -5*z + 267 = 2*m - 249. Calculate the highest common divisor of 260 and z.
52
Let i(u) = 2*u**2 + 7*u + 8. Let o be i(-10). What is the highest common factor of o and 6?
6
Let d(h) = 8*h**3 - h + 2. Let b be d(1). What is the greatest common divisor of 117 and b?
9
Let o(a) = 9*a - 27*a + 19*a - a**2 + 16. Let t be o(0). What is the greatest common divisor of 16 and t?
16
Let c(p) = -p**2 - 15*p + 88. Let y be c(-19). What is the highest common factor of y and 111?
3
Let o be (6/8)/(9/36). Suppose o*q + q + 26 = 5*s, -5 = -s + q. Let g(a) = a**3 - 3*a**2 + 2*a. Let h be g(s). What is the highest common divisor of h and 24?
24
Let k(t) = -t**2 - 3*t - 4. Let w be k(-2). Let m be (-65 - 2)/(w/6). Let z be 3/(-2 + m/99). What is the greatest common divisor of 9 and z?
9
Suppose -32 = 4*k - 2*p - 382, -4*k + 345 = -3*p. What is the greatest common factor of 54 and k?
18
Let g = 58 + -66. Let b be (-55)/22*g/10. What is the highest common divisor of b and 22?
2
Suppose 7*z = 9 + 5. Suppose -z*u = -3*u + 2. Suppose -52 = -2*s - 4*r + 8*r, -u*s + 34 = 5*r. Calculate the highest common divisor of s and 11.
11
Let s(i) = -i - 30. Let g be s(-14). Let b(p) = p**2 + 13*p - 13. Let x be b(g). What is the greatest common divisor of 5 and x?
5
Let g = 12 + -10. Suppose -g*w = -24 - 24. Calculate the greatest common factor of w and 12.
12
Suppose -14*t + 256 + 164 = 0. Calculate the highest common factor of 12 and t.
6
Let s be -2*(-3)/(-5)*40/6. Let n(b) = b**3 + 9*b**2 + 8*b + 4. Let l be n(s). What is the greatest common factor of 2 and l?
2
Suppose a + 185 = 2*z + 943, -2*z + 3850 = 5*a. What is the highest common factor of 48 and a?
48
Suppose 27*v = -3070 + 9874. What is the highest common divisor of v and 168?
84
Let a(y) = 2*y + 8. Let l(s) = -s**3 - 14*s**2 - 13*s + 4. Let q be l(-13). Let x be a(q). Calculate the greatest common factor of x and 24.
8
Let y = 248 - 235. What is the highest common factor of y and 3?
1
Let u be (1 + -3)/(3 + -2). Let a be -2 + 3 - u*73. Let z be 3 + 12/(-18)*-27. Calculate the greatest common divisor of z and a.
21
Suppose 3*v - 2 = 2*v. Let q(x) = 5*x + 44. Let r be q(-8). Calculate the greatest common divisor of r and v.
2
Let h(c) = 5*c**2 + 3*c + 2. Let t be h(-1). Suppose -d - 3*d + 32 = t*r, 0 = -2*r - d + 14. What is the greatest common factor of 30 and r?
6
Suppose -12*h = -16*h + 12. Suppose -2*a + 3*w = a - 45, 0 = -a - h*w + 15. What is the highest common divisor of a and 45?
15
Let y = -318 + 341. What is the greatest common factor of y and 345?
23
Let o be ((-9)/4)/((-22)/704). What is the greatest common factor of o and 648?
72
Let o = 171 - -109. Let u = 412 - o. Calculate the greatest common factor of 12 and u.
12
Let m be (5/3)/1 + 68/51. Calculate the greatest common divisor of m and 1041.
3
Let m(n) = 3*n**2 + 5*n - 8. Let l = -3 + -3. Let w be m(l). Let f be 4*1*1540/616. What is the greatest common factor of f and w?
10
Let m = -35 + 38. Suppose -4*b = m*s - 9, 0*b - 33 = -3*b + 3*s. What is the greatest common divisor of b and 6?
6
Let a = 1444 + -1359. Calculate the greatest common divisor of 2125 and a.
85
Suppose 3*j = 2*j - g + 15, 5*j - 3*g = 91. Let n(u) = u - 9. Let q be n(j). What is the greatest common factor of q and 64?
8
Suppose -2*w = -5*w + 4*w. Let l be 23/2 + (3/(-2) - w). What is the greatest common factor of 25 and l?
5
Suppose -241 = -2*i + 127. Let j(u) = 8*u**2 + 56*u + 23. Let c be j(-7). What is the greatest common divisor of i and c?
23
Suppose w = -2*k + 3 + 9, 5*w + k = 15. Suppose p + y - 5 = 20, -w*p + 55 = y. Calculate the highest common divisor of 45 and p.
15
Let l = 7 - -10. Suppose 0 = -l*r + 13*r + 56. What is the highest common divisor of 70 and r?
14
Suppose -4*p - 5*g = 8, 3*p - 5*g = 2*p + 23. Let m be 4 + (3 - p) - -2. Let j = m + -1. Calculate the greatest common factor of 55 and j.
5
Let p(g) = -6*g + 26. Let j be p(5). Let v be j + 77/4 - 2/8. Calculate the greatest common divisor of 165 and v.
15
Let f(d) = 26*d - 178. Let b be f(8). Calculate the highest common factor of b and 30.
30
Suppose 4*x = 2*q + 24, -5*q = -4*x - 8*q + 14. Suppose -4*b - x*v + 53 = -564, 0 = 2*b - 3*v - 303. Calculate the greatest common divisor of 9 and b.
9
Suppose 0 = f - 3*f - 3*t - 201, 302 = -3*f - 5*t. Let m = -60 - f. Calculate the highest common factor of 26 and m.
13
Let j = -30 + 26. Let m be j/(-14) - 32/14. Let x be (1/m)/((-3)/42). What is the greatest common divisor of x and 1?
1
Let k(h) = -31*h - 3. Suppose -p + 6 = 2*p. Suppose -p = -6*j - 8. Let o be k(j). What is the greatest common factor of o and 252?
28
Let p = -55 + -3. Let d = -4 - p. What is the greatest common divisor of d and 18?
18
Suppose -2*v = v - 45. Suppose -3*p = 3*x - 9, 3*p + 0*p - 4*x = 30. Calculate the greatest common divisor of v and p.
3
Suppose -4*y = -y + 3*q - 84, 0 = -4*y - q + 103. Suppose -t - t + v + y = 0, -t + 26 = 4*v. Calculate the highest common factor of t and 56.
14
Suppose -5*r - 60 = 3*a - 407, 0 = 3*a + 3*r - 339. Let w = a + -104. What is the greatest common divisor of w and 45?
5
Suppose -17 + 21 = 2*l. Let x be 5/(-4 - (l - 7)). Suppose -4*p - 18 = -8*p + 2*g, -2*p + 2*g + 8 = 0. What is the greatest common divisor of p and x?
5
Suppose -2*h + 5 = -4*x - 19, 4*h + 12 = -4*x. Calculate the greatest common factor of 114 and h.
2
Suppose -4*c + 2*c + 48 = 0. Suppose -c = -2*p + 18. Suppose d = -k + 227, k + 1175 = 6*k - 5*d. What is the highest common factor of k and p?
21
Let i(v) = -v**3 + 16*v**2 + 9*v - 48. Let g be i(15). What is the greatest common factor of 39 and g?
39
Suppose 2*i + 0*t = 3*t + 65, 55 = 2*i - 5*t. Calculate the highest common factor of i and 50.
10
Let z(s) = -2*s**3 - 10*s**2 + 6*s - 18. Let p be z(-7). What is the highest common factor of p and 44?
4
Suppose -2*g + 15 = -9. Let v be g/(-2 - (-33)/12). What is the greatest common divisor of v and 32?
16
Suppose 2 = -5*h + 22. Let l be -5 + h + (-14)/(-2). Suppose 4*n - 2*v - 10 = l, -23 = -3*n - 4*v. Calculate the greatest common divisor of n and 1.
1
Let t(g) = -g**3 + 11*g**2 + g - 7. Let b be t(11). Let k = 1 + 7. Let d = k + -4. What is the greatest common divisor of d and b?
4
Let i be 8/(-100) + -6 + 2508/100. Calculate the greatest common factor of 3078 and i.
19
Suppose 5*i - 10 = 3*i. Suppose 0 = 2*q - n - 20, 6*q - q + i*n = 50. Calculate the highest common factor of 2 and q.
2
Suppose 545*k - 42 = 544*k. What is the highest common divisor of k and 21?
21
Suppose 14*q = 22*q - 104. Calculate the highest common factor of q and 871.
13
Let c be -1 - (0 + 0) - -41. Let g = -204 + -81. Let n = -225 - g. What is the greatest common divisor of c and n?
20
Suppose 89 = 5*d - 36. Suppose 0 = -j - 14 + d. What is the highest common factor of 121 and j?
11
Let o be 1 + (-2648)/(0 + -4). What is the greatest common divisor of 51 and o?
51
Let z be (2416/56)/2 + (-8)/14. What is the greatest common divisor of 6 and z?
3
Let l be 5 + (5 - (2 - -4)) + 766. Calculate the highest common divisor of l and 350.
70
Suppose -4*x - j = -7549, -5*x + 20*j - 19*j = -9443. Calculate the greatest common divisor of 118 and x.
118
Let x = -4 - -7. Suppose -m = -4*p + 4, -x + 23 = -p - 5*m. Suppose a - 5*h = 40, p = -a - 0*h + 3*h + 32. What is the highest common divisor of 8 and a?
4
Let x(p) be the third derivative of 21*p**4/4 - p**2. Let s be x(1). Suppose -133*a = -129*a - 56. Calculate the greatest common factor of s and a.
14
Suppose -16 = -2*w + 8. Suppose 26*y = 34*y - 96. Calculate the highest common divisor of y and w.
12
Let b be -1 + 7 + -3 + 3. Calculate the highest common factor of b and 57.
3
Suppose 62*s - 64*s + 162 = 0. Calculate the greatest common divisor of s and 54.
27
Let r = -9 + 7. Let y be (-4)/(((-1)/r)/(-1)). What is 